te?
False
Is 306689 prime?
True
Is 25057 a prime number?
True
Is 7855 a prime number?
False
Is 98963 composite?
False
Is 27349 composite?
True
Is 16603 a prime number?
True
Is 10663 a prime number?
True
Is 23599 a prime number?
True
Is 1061927 a prime number?
False
Is 191 a prime number?
True
Is 572289 composite?
True
Is 271735 a composite number?
True
Is 45481 a composite number?
False
Is 38693 composite?
False
Is 41581 a prime number?
False
Is 916763 composite?
True
Is 169103 a composite number?
True
Is 4201 a prime number?
True
Is 11861 composite?
True
Is 67299 composite?
True
Is 2579 prime?
True
Is 706021 a composite number?
True
Is 409373 prime?
False
Is 5431 a composite number?
False
Is 92821 a prime number?
True
Is 68267 a composite number?
True
Is 443603 composite?
False
Is 66359 a prime number?
True
Is 431929 prime?
True
Is 1454383 a prime number?
False
Is 15901 a composite number?
False
Is 113437 composite?
False
Is 5981 composite?
False
Is 107441 a prime number?
True
Is 7607 a prime number?
True
Is 1050949 prime?
True
Is 157951 a prime number?
True
Is 5021 prime?
True
Is 601294 prime?
False
Is 35813 composite?
True
Is 27539 a composite number?
False
Is 2637055 prime?
False
Is 9481 a composite number?
True
Is 52051 composite?
False
Is 145721 a composite number?
False
Is 134083 prime?
False
Is 5617 composite?
True
Is 11017 prime?
False
Is 1151 composite?
False
Is 31187 composite?
True
Is 1365149 a composite number?
False
Is 27923 composite?
True
Is 140443 prime?
True
Is 1035163 a composite number?
False
Is 6287 a prime number?
True
Is 3269 composite?
True
Is 3935 a composite number?
True
Is 7307 a prime number?
True
Is 15937 composite?
False
Is 207223 a composite number?
True
Is 43765 a composite number?
True
Is 1397 prime?
False
Is 4471607 prime?
False
Is 37291 prime?
False
Is 32066 a prime number?
False
Is 19562 a composite number?
True
Is 125059 composite?
True
Is 124919 prime?
True
Is 26903 a prime number?
True
Is 7054 prime?
False
Is 560753 composite?
False
Is 3116459 prime?
True
Is 55851 a prime number?
False
Is 37463 prime?
True
Is 288059 prime?
False
Is 257309 composite?
True
Is 1909 composite?
True
Is 515 a prime number?
False
Is 289559 prime?
True
Is 51707 composite?
True
Is 17179 a prime number?
False
Is 1488119 a composite number?
False
Is 1820543 a composite number?
True
Is 1114 prime?
False
Is 234133 prime?
False
Is 4201 a prime number?
True
Is 3571 a composite number?
False
Is 52571 prime?
True
Is 22027 a prime number?
True
Is 59581 prime?
True
Is 42769 composite?
True
Is 178361 composite?
False
Is 703631 composite?
False
Is 12319 a prime number?
False
Is 93305 a prime number?
False
Is 2819 composite?
False
Is 83773 a composite number?
False
Is 56319 a composite number?
True
Is 12607 composite?
True
Is 74747 a prime number?
True
Is 877 a prime number?
True
Is 335 a prime number?
False
Is 73819 a composite number?
False
Is 333979 composite?
True
Is 17657 prime?
True
Is 291 a prime number?
False
Is 15101 a composite number?
False
Is 103717 prime?
False
Is 44465 a composite number?
True
Is 9127 composite?
False
Is 17551 composite?
False
Is 3977 prime?
False
Is 475271 composite?
False
Is 12877 prime?
False
Is 115009 composite?
True
Is 3037 composite?
False
Is 2026447 composite?
False
Is 114451 composite?
False
Is 868147 composite?
True
Is 89363 composite?
False
Is 516151 prime?
True
Is 38953 a prime number?
True
Is 67679 prime?
True
Is 141157 composite?
False
Is 2398157 a prime number?
True
Is 190009 a composite number?
True
Is 11197 composite?
False
Is 155123 a prime number?
False
Is 3967 a prime number?
True
Is 9527 a composite number?
True
Is 337 prime?
True
Is 15109 composite?
True
Is 149257 composite?
False
Is 43391 prime?
True
Is 2051047 prime?
False
Is 169867 a composite number?
True
Is 129 a composite number?
True
Is 65699 a composite number?
False
Is 16057 prime?
True
Is 3433 composite?
False
Is 69329 a prime number?
False
Is 121279 prime?
False
Is 1098821 composite?
False
Is 136471 a prime number?
True
Is 300385 prime?
False
Is 2998129 a composite number?
True
Is 88771 a prime number?
True
Is 73529 a composite number?
False
Is 2639866 a composite number?
True
Is 13223 a prime number?
False
Is 7367 a prime number?
False
Is 29423 composite?
False
Is 509591 a prime number?
True
Is 10577 a prime number?
False
Is 919699 composite?
True
Is 1256477 prime?
True
Is 7993 a prime number?
True
Is 106094 composite?
True
Is 532561 composite?
False
Is 248977 a composite number?
True
Is 10821 prime?
False
Is 249181 a composite number?
False
Is 352607 a composite number?
False
Is 118753 a prime number?
False
Is 12233 prime?
False
Is 476491 a composite number?
True
Is 14759 prime?
True
Is 1931 a composite number?
False
Is 91781 prime?
True
Is 2746231 prime?
False
Is 3197 a prime number?
False
Is 156217 composite?
False
Is 3835655 prime?
False
Is 42305 prime?
False
Is 1162061 a composite number?
False
Is 558281 a prime number?
False
Is 44417 composite?
False
Is 533963 a composite number?
False
Is 5218 a prime number?
False
Is 352661 a prime number?
True
Is 12881 a composite number?
True
Is 18137 a composite number?
True
Is 69833 a composite number?
False
Is 115681 prime?
False
Is 701147 a composite number?
False
Is 161153 a composite number?
True
Is 92913 composite?
True
Is 4601 a prime number?
False
Is 9391 a prime number?
True
Is 7897 prime?
False
Is 1876431 prime?
False
Is 167471 a composite number?
False
Is 42083 composite?
False
Is 6469 a composite number?
False
Is 295601 composite?
False
Is 3163 a prime number?
True
Is 12227 a prime number?
True
Is 710081 a prime number?
True
Is 81667 composite?
False
Is 16129 composite?
True
Is 1555 a prime number?
False
Is 2362 prime?
False
Is 346 a composite number?
True
Is 29473 a prime number?
True
Is 54437 composite?
False
Is 4985 composite?
True
Is 2813 a composite number?
True
Is 18346 composite?
True
Is 607619 a composite number?
False
Is 10663 a prime number?
True
Is 14221 a prime number?
True
Is 28181 a composite number?
False
Is 12751 composite?
True
Is 39421 a prime number?
False
Is 2897 a prime number?
True
Is 65138 composite?
True
Is 38281 a prime number?
True
Is 2459 a prime number?
True
Is 187027 a prime number?
True
Is 41119 a composite number?
True
Is 19871 a composite number?
True
Is 53471 a composite number?
True
Is 990953 composite?
False
Is 586969 a prime number?
False
Is 43201 prime?
True
Is 3821 a composite number?
False
Is 232291 a prime number?
False
Is 1624781 a composite number?
True
Is 1958477 prime?
False
Is 643579 a composite number?
True
Is 487 prime?
True
Is 21562 a prime number?
False
Is 9566 prime?
False
Is 635 a prime number?
False
Is 12077 prime?
False
Is 547709 composite?
False
Is 210491 a composite number?
False
Is 655 prime?
False
Is 6823 prime?
True
Is 12247 a prime number?
False
Is 4426 composite?
True
Is 2393 prime?
True
Is 36178 a prime number?
False
Is 244619 prime?
True
Is 486781 composite?
False
Is 13649 a prime number?
True
Is 329 a prime number?
False
Is 186785 composite?
True
Is 4861 prime?
True
Is 28511 prime?
False
Is 844531 a composite number?
True
Is 2916551 prime?
False
Is 49307 composite?
False
Is 8499 prime?
False
Is 6521 prime?
True
Is 6467 a composite number?
True
Is 36433 prime?
True
Is 4766459 a composite number?
False
Is 12437 a prime number?
True
Is 2459 a composite number?
False
Is 12187 prime?
False
Is 4303 a prime number?
False
Is 17341 a composite number?
False
Is 658907 a prime number?
True
Is 9719 a composite number?
False
Is 24251 composite?
False
Is 26023 a prime number?
False
Is 199021 a composite number?
False
Is 3719 a prime number?
True
Is 28909 a prime number?
True
Is 69077 composite?
True
Is 225299 a composite number?
False
Is 62071 a composite number?
False
Is 236173 a composite number?
True
Is 182747 a prime number?
True
Is 671 composite?
True
Is 8039 prime?
True
Is 381679 composite?
True
Is 45089 a prime number?
False
Is 44651 a composite number?
False
Is 51929 a composite number?
False
Is 89137 composite?
False
Is 907499 a prime number?
False
Is 5989 composite?
True
Is 17707 composite?
False
Is 173773 composite?
False
Is 11597 a prime number?
True
Is 2215 a prime number?
False
Is 82129 a composite number?
Fa